{"id":433,"date":"2024-09-03T11:44:58","date_gmt":"2024-09-03T09:44:58","guid":{"rendered":"https:\/\/cabinetmondon.fr\/reflexologie\/?page_id=433"},"modified":"2026-04-07T20:28:29","modified_gmt":"2026-04-07T18:28:29","slug":"ateliers","status":"publish","type":"page","link":"https:\/\/cabinetmondon.fr\/reflexologie\/ateliers\/","title":{"rendered":"Ev\u00e8nements"},"content":{"rendered":"\n<ul class=\"wp-block-list\">\n<li><strong>Ev\u00e8nements \u00e0 proposer ?<\/strong> <\/li>\n<\/ul>\n\n\n\n<p>N&#8217;h\u00e9sitez pas \u00e0 me faire part de vos id\u00e9es ou demandes par SMS au <a href=\"tel:+33670929938\">06 70 92 99 38<\/a> ou par mail <a href=\"mailto:therapies.bienetre.edwige@cabinetmondon.fr\">therapies.bienetre.edwige@cabinetmondon.fr<\/a> <\/p>\n\n\n\n<p><\/p>\n\n\n\n<ul class=\"wp-block-list\">\n<li><strong>Ev\u00e8nements \u00e0 venir<\/strong><\/li>\n<\/ul>\n\n\n\n<p>\/ Avril 2026 et 30\/31 Mai 2026<\/p>\n\n\n\n<ul class=\"wp-block-list\">\n<li><strong>Ev\u00e8nements pass\u00e9s<\/strong><\/li>\n<\/ul>\n\n\n\n<p><\/p>\n\n\n\n<p>______________________________________________________________________________________________________________________________<\/p>\n\n\n\n<p>22 Avril 2025<\/p>\n\n\n\n<figure class=\"wp-block-image size-full is-resized\"><img loading=\"lazy\" decoding=\"async\" width=\"376\" height=\"379\" src=\"https:\/\/cabinetmondon.fr\/reflexologie\/wp-content\/uploads\/2025\/05\/Atelier-Joie-de-vivre-Gratuit.jpg\" alt=\"\" class=\"wp-image-731\" style=\"width:314px;height:auto\" srcset=\"https:\/\/cabinetmondon.fr\/reflexologie\/wp-content\/uploads\/2025\/05\/Atelier-Joie-de-vivre-Gratuit.jpg 376w, https:\/\/cabinetmondon.fr\/reflexologie\/wp-content\/uploads\/2025\/05\/Atelier-Joie-de-vivre-Gratuit-298x300.jpg 298w, https:\/\/cabinetmondon.fr\/reflexologie\/wp-content\/uploads\/2025\/05\/Atelier-Joie-de-vivre-Gratuit-150x150.jpg 150w\" sizes=\"auto, (max-width: 376px) 100vw, 376px\" \/><\/figure>\n\n\n\n<p>______________________________________________________________________________________________________________________________<\/p>\n\n\n\n<p>30 Octobre 2024<\/p>\n\n\n\n<p>Des phobies ? Des peurs ? Venez vous en lib\u00e9rer en petits groupes de 3 \u00e0 5 personnes maximum dans un atelier d&#8217;1h30 au prix de 40 \u20ac \/ personne.<\/p>\n\n\n\n<div class=\"wp-block-columns is-layout-flex wp-container-core-columns-is-layout-28f84493 wp-block-columns-is-layout-flex\">\n<div class=\"wp-block-column is-layout-flow wp-block-column-is-layout-flow\" style=\"flex-basis:50.01%\">\n<figure class=\"wp-block-image size-full is-resized\"><img loading=\"lazy\" decoding=\"async\" width=\"805\" height=\"853\" src=\"https:\/\/cabinetmondon.fr\/reflexologie\/wp-content\/uploads\/2026\/04\/Atelier-de-groupe-la-peur-des-animaux.jpg\" alt=\"\" class=\"wp-image-747\" style=\"aspect-ratio:0.9437357169057943;width:299px;height:auto\" srcset=\"https:\/\/cabinetmondon.fr\/reflexologie\/wp-content\/uploads\/2026\/04\/Atelier-de-groupe-la-peur-des-animaux.jpg 805w, https:\/\/cabinetmondon.fr\/reflexologie\/wp-content\/uploads\/2026\/04\/Atelier-de-groupe-la-peur-des-animaux-283x300.jpg 283w\" sizes=\"auto, (max-width: 805px) 100vw, 805px\" \/><\/figure>\n<\/div>\n\n\n\n<div class=\"wp-block-column is-layout-flow wp-block-column-is-layout-flow\" style=\"flex-basis:49.99%\">\n<figure class=\"wp-block-image alignleft size-large is-resized\"><img loading=\"lazy\" decoding=\"async\" width=\"1024\" height=\"1024\" src=\"https:\/\/cabinetmondon.fr\/reflexologie\/wp-content\/uploads\/2025\/01\/Retour-dexperience-Atelier-de-groupe-La-peur-des-animaux-2-1024x1024.png\" alt=\"\" class=\"wp-image-698\" style=\"width:316px;height:auto\" srcset=\"https:\/\/cabinetmondon.fr\/reflexologie\/wp-content\/uploads\/2025\/01\/Retour-dexperience-Atelier-de-groupe-La-peur-des-animaux-2-1024x1024.png 1024w, https:\/\/cabinetmondon.fr\/reflexologie\/wp-content\/uploads\/2025\/01\/Retour-dexperience-Atelier-de-groupe-La-peur-des-animaux-2-300x300.png 300w, https:\/\/cabinetmondon.fr\/reflexologie\/wp-content\/uploads\/2025\/01\/Retour-dexperience-Atelier-de-groupe-La-peur-des-animaux-2-150x150.png 150w, https:\/\/cabinetmondon.fr\/reflexologie\/wp-content\/uploads\/2025\/01\/Retour-dexperience-Atelier-de-groupe-La-peur-des-animaux-2.png 1080w\" sizes=\"auto, (max-width: 1024px) 100vw, 1024px\" \/><\/figure>\n<\/div>\n\n\n\n<div class=\"wp-block-column is-layout-flow wp-block-column-is-layout-flow\"><\/div>\n<\/div>\n\n\n\n<div class=\"wp-block-buttons is-layout-flex wp-block-buttons-is-layout-flex\"><\/div>\n\n\n\n<p><\/p>\n\n\n\n<p><\/p>\n\n\n\n<p><\/p>\n\n\n\n<p><\/p>\n\n\n\n<p><\/p>\n\n\n\n<p><\/p>\n\n\n\n<p><\/p>\n","protected":false},"excerpt":{"rendered":"<p>N&#8217;h\u00e9sitez pas \u00e0 me faire part de vos id\u00e9es ou demandes par SMS au 06 70 92 99 38 ou par mail therapies.bienetre.edwige@cabinetmondon.fr \/ Avril 2026 et 30\/31 Mai 2026 ______________________________________________________________________________________________________________________________ 22 Avril 2025 ______________________________________________________________________________________________________________________________ 30 Octobre 2024 Des phobies ? Des peurs ? Venez vous en lib\u00e9rer en petits groupes de 3 \u00e0 5 &hellip; <\/p>\n<p class=\"link-more\"><a href=\"https:\/\/cabinetmondon.fr\/reflexologie\/ateliers\/\" class=\"more-link\">Lire la suite de<span class=\"screen-reader-text\">\u00ab\u00a0Ev\u00e8nements\u00a0\u00bb<\/span><\/a><\/p>\n","protected":false},"author":1,"featured_media":0,"parent":0,"menu_order":0,"comment_status":"closed","ping_status":"closed","template":"","meta":{"footnotes":""},"class_list":["post-433","page","type-page","status-publish","hentry"],"_links":{"self":[{"href":"https:\/\/cabinetmondon.fr\/reflexologie\/wp-json\/wp\/v2\/pages\/433","targetHints":{"allow":["GET"]}}],"collection":[{"href":"https:\/\/cabinetmondon.fr\/reflexologie\/wp-json\/wp\/v2\/pages"}],"about":[{"href":"https:\/\/cabinetmondon.fr\/reflexologie\/wp-json\/wp\/v2\/types\/page"}],"author":[{"embeddable":true,"href":"https:\/\/cabinetmondon.fr\/reflexologie\/wp-json\/wp\/v2\/users\/1"}],"replies":[{"embeddable":true,"href":"https:\/\/cabinetmondon.fr\/reflexologie\/wp-json\/wp\/v2\/comments?post=433"}],"version-history":[{"count":45,"href":"https:\/\/cabinetmondon.fr\/reflexologie\/wp-json\/wp\/v2\/pages\/433\/revisions"}],"predecessor-version":[{"id":781,"href":"https:\/\/cabinetmondon.fr\/reflexologie\/wp-json\/wp\/v2\/pages\/433\/revisions\/781"}],"wp:attachment":[{"href":"https:\/\/cabinetmondon.fr\/reflexologie\/wp-json\/wp\/v2\/media?parent=433"}],"curies":[{"name":"wp","href":"https:\/\/api.w.org\/{rel}","templated":true}]}}

Evènements

<ul class="wp-block-list">
<li><strong>Evènements à proposer ?</strong> </li>
</ul>



<p>N&#8217;hésitez pas à me faire part de vos idées ou demandes par SMS au <a href="tel:+33670929938">06 70 92 99 38</a> ou par mail <a href="mailto:therapies.bienetre.edwige@cabinetmondon.fr">therapies.bienetre.edwige@cabinetmondon.fr</a> </p>



<p></p>



<ul class="wp-block-list">
<li><strong>Evènements à venir</strong></li>
</ul>



<p>/ Avril 2026 et 30/31 Mai 2026</p>



<ul class="wp-block-list">
<li><strong>Evènements passés</strong></li>
</ul>



<p></p>



<p>______________________________________________________________________________________________________________________________</p>



<p>22 Avril 2025</p>



<figure class="wp-block-image size-full is-resized"><img loading="lazy" decoding="async" width="376" height="379" src="https://cabinetmondon.fr/reflexologie/wp-content/uploads/2025/05/Atelier-Joie-de-vivre-Gratuit.jpg" alt="" class="wp-image-731" style="width:314px;height:auto" srcset="https://cabinetmondon.fr/reflexologie/wp-content/uploads/2025/05/Atelier-Joie-de-vivre-Gratuit.jpg 376w, https://cabinetmondon.fr/reflexologie/wp-content/uploads/2025/05/Atelier-Joie-de-vivre-Gratuit-298x300.jpg 298w, https://cabinetmondon.fr/reflexologie/wp-content/uploads/2025/05/Atelier-Joie-de-vivre-Gratuit-150x150.jpg 150w" sizes="auto, (max-width: 376px) 100vw, 376px" /></figure>



<p>______________________________________________________________________________________________________________________________</p>



<p>30 Octobre 2024</p>



<p>Des phobies ? Des peurs ? Venez vous en libérer en petits groupes de 3 à 5 personnes maximum dans un atelier d&#8217;1h30 au prix de 40 € / personne.</p>



<div class="wp-block-columns is-layout-flex wp-container-core-columns-is-layout-28f84493 wp-block-columns-is-layout-flex">
<div class="wp-block-column is-layout-flow wp-block-column-is-layout-flow" style="flex-basis:50.01%">
<figure class="wp-block-image size-full is-resized"><img loading="lazy" decoding="async" width="805" height="853" src="https://cabinetmondon.fr/reflexologie/wp-content/uploads/2026/04/Atelier-de-groupe-la-peur-des-animaux.jpg" alt="" class="wp-image-747" style="aspect-ratio:0.9437357169057943;width:299px;height:auto" srcset="https://cabinetmondon.fr/reflexologie/wp-content/uploads/2026/04/Atelier-de-groupe-la-peur-des-animaux.jpg 805w, https://cabinetmondon.fr/reflexologie/wp-content/uploads/2026/04/Atelier-de-groupe-la-peur-des-animaux-283x300.jpg 283w" sizes="auto, (max-width: 805px) 100vw, 805px" /></figure>
</div>



<div class="wp-block-column is-layout-flow wp-block-column-is-layout-flow" style="flex-basis:49.99%">
<figure class="wp-block-image alignleft size-large is-resized"><img loading="lazy" decoding="async" width="1024" height="1024" src="https://cabinetmondon.fr/reflexologie/wp-content/uploads/2025/01/Retour-dexperience-Atelier-de-groupe-La-peur-des-animaux-2-1024x1024.png" alt="" class="wp-image-698" style="width:316px;height:auto" srcset="https://cabinetmondon.fr/reflexologie/wp-content/uploads/2025/01/Retour-dexperience-Atelier-de-groupe-La-peur-des-animaux-2-1024x1024.png 1024w, https://cabinetmondon.fr/reflexologie/wp-content/uploads/2025/01/Retour-dexperience-Atelier-de-groupe-La-peur-des-animaux-2-300x300.png 300w, https://cabinetmondon.fr/reflexologie/wp-content/uploads/2025/01/Retour-dexperience-Atelier-de-groupe-La-peur-des-animaux-2-150x150.png 150w, https://cabinetmondon.fr/reflexologie/wp-content/uploads/2025/01/Retour-dexperience-Atelier-de-groupe-La-peur-des-animaux-2.png 1080w" sizes="auto, (max-width: 1024px) 100vw, 1024px" /></figure>
</div>



<div class="wp-block-column is-layout-flow wp-block-column-is-layout-flow"></div>
</div>



<div class="wp-block-buttons is-layout-flex wp-block-buttons-is-layout-flex"></div>



<p></p>



<p></p>



<p></p>



<p></p>



<p></p>



<p></p>



<p></p>

<p>N&#8217;hésitez pas à me faire part de vos idées ou demandes par SMS au 06 70 92 99 38 ou par mail therapies.bienetre.edwige@cabinetmondon.fr / Avril 2026 et 30/31 Mai 2026 ______________________________________________________________________________________________________________________________ 22 Avril 2025 ______________________________________________________________________________________________________________________________ 30 Octobre 2024 Des phobies ? Des peurs ? Venez vous en libérer en petits groupes de 3 à 5 &hellip; </p>
<p class="link-more"><a href="https://cabinetmondon.fr/reflexologie/ateliers/" class="more-link">Lire la suite de<span class="screen-reader-text">« Evènements »</span></a></p>
