{"id":39,"date":"2023-06-18T20:02:07","date_gmt":"2023-06-18T18:02:07","guid":{"rendered":"http:\/\/cabinetmondon.fr\/reflexologie\/?page_id=39"},"modified":"2025-02-09T10:26:17","modified_gmt":"2025-02-09T09:26:17","slug":"a-propos","status":"publish","type":"page","link":"https:\/\/cabinetmondon.fr\/reflexologie\/a-propos\/","title":{"rendered":"A propos"},"content":{"rendered":"\n<h3 class=\"wp-block-heading\">Qui suis-je ?<\/h3>\n\n\n\n<div class=\"wp-block-group is-nowrap is-layout-flex wp-container-core-group-is-layout-6c531013 wp-block-group-is-layout-flex\">\n<div style=\"height:100px;width:0px\" aria-hidden=\"true\" class=\"wp-block-spacer wp-container-content-6388d5dc\"><\/div>\n\n\n\n<figure class=\"wp-block-image aligncenter size-large is-resized is-style-rounded\"><img loading=\"lazy\" decoding=\"async\" width=\"1024\" height=\"1024\" src=\"http:\/\/cabinetmondon.fr\/reflexologie\/wp-content\/uploads\/2023\/07\/photo-Edwige-edited-1024x1024.jpg\" alt=\"Edwige MONDON, Gu\u00e9risseuse, Th\u00e9rapeute Bien-\u00eatre, Energ\u00e9ticienne, R\u00e9flexoth\u00e9rapeute, R\u00e9flexologue, Masseuse bien-\u00eatre\" class=\"wp-image-121\" style=\"width:256px\" srcset=\"https:\/\/cabinetmondon.fr\/reflexologie\/wp-content\/uploads\/2023\/07\/photo-Edwige-edited-1024x1024.jpg 1024w, https:\/\/cabinetmondon.fr\/reflexologie\/wp-content\/uploads\/2023\/07\/photo-Edwige-edited-300x300.jpg 300w, https:\/\/cabinetmondon.fr\/reflexologie\/wp-content\/uploads\/2023\/07\/photo-Edwige-edited-150x150.jpg 150w, https:\/\/cabinetmondon.fr\/reflexologie\/wp-content\/uploads\/2023\/07\/photo-Edwige-edited-768x768.jpg 768w, https:\/\/cabinetmondon.fr\/reflexologie\/wp-content\/uploads\/2023\/07\/photo-Edwige-edited-1536x1536.jpg 1536w, https:\/\/cabinetmondon.fr\/reflexologie\/wp-content\/uploads\/2023\/07\/photo-Edwige-edited-2048x2048.jpg 2048w, https:\/\/cabinetmondon.fr\/reflexologie\/wp-content\/uploads\/2023\/07\/photo-Edwige-edited-1568x1568.jpg 1568w\" sizes=\"auto, (max-width: 1024px) 100vw, 1024px\" \/><\/figure>\n\n\n\n<div style=\"height:100px;width:0px\" aria-hidden=\"true\" class=\"wp-block-spacer wp-container-content-6388d5dc\"><\/div>\n<\/div>\n\n\n\n<p>Je m&#8217;appelle Edwige, je suis gu\u00e9risseuse, j&#8217;aide les personnes qui ont des douleurs physiques, entre autres, \u00e0 les soulager pour avancer vers une vie plus l\u00e9g\u00e8re. Je les accompagne vers la gu\u00e9rison gr\u00e2ce \u00e0 diff\u00e9rents outils que je pratique.<\/p>\n\n\n\n<p>Par mon v\u00e9cu, je connais la douleur, je connais aussi le sentiment ou les \u00e9motions que l&#8217;on peut ressentir face aux regards du corps m\u00e9dical qui ne comprend pas et ne prend pas en consid\u00e9ration ce que l&#8217;on vit.<\/p>\n\n\n\n<p>D\u00e8s l\u2019\u00e2ge de 4 ans, je massais les chevilles de ma maman qui se faisait des entorses \u00e0 r\u00e9p\u00e9tition. Je prenais du plaisir \u00e0 m\u2019occuper d\u2019elle et \u00e0 essayer de lui faire du bien.<\/p>\n\n\n\n<p>Ancienne p\u00e9dicure-podologue \/ posturologue, je me suis occup\u00e9e de mes patients pendant 12 ans en les accompagnant dans leurs douleurs d&#8217;une autre mani\u00e8re, ce qui m&#8217;a aussi permis d&#8217;avoir une certaine connaissance du corps humain.<\/p>\n\n\n\n<p>Le lien avec mes mains, le toucher, la douleur, la sant\u00e9 et le rapport aux autres sont donc d\u00e9j\u00e0 pr\u00e9sents depuis mon plus jeune \u00e2ge. Depuis, je me suis form\u00e9e dans toutes les pratiques que je propose.<\/p>\n\n\n\n<p>Je m&#8217;\u00e9panouis lorsque j&#8217;apporte du bien-\u00eatre \u00e0 chaque personne que je suis ravie d&#8217;accueillir dans &#8220;ma cabane au fond du jardin&#8221; \ud83d\ude09<\/p>\n\n\n\n<div style=\"height:14px\" aria-hidden=\"true\" class=\"wp-block-spacer\"><\/div>\n\n\n\n<h3 class=\"wp-block-heading\">Mes coordonn\u00e9es<\/h3>\n\n\n\n<div class=\"wp-block-group is-layout-flex wp-block-group-is-layout-flex\">\n<div class=\"wp-block-group has-global-padding is-layout-constrained wp-block-group-is-layout-constrained\">\n<div class=\"wp-block-group is-vertical is-layout-flex wp-container-core-group-is-layout-fe9cc265 wp-block-group-is-layout-flex\">\n<p><strong>Edwige MONDON<\/strong><\/p>\n\n\n\n<p><a href=\"tel:+33670929938\">06 70 92 99 38<\/a><br><a href=\"mailto:therapies.bienetre.edwige@cabinetmondon.fr\">therapies.bienetre.edwige@cabinetmondon.fr<\/a><\/p>\n\n\n\n<p>29 rue Victor Hugo<br>77670 SAINT-MAMMES<\/p>\n\n\n\n<div class=\"wp-block-group has-global-padding is-layout-constrained wp-block-group-is-layout-constrained\">\n<p>Rep\u00e8re du lieu : borne incendie rouge en milieu de rue<\/p>\n<\/div>\n\n\n\n<p>Parking : emplacement possible pour v\u00e9hicule dans la cour. Sinon places dans la rue avec disque (zone bleue).<\/p>\n\n\n\n<p>SIRET : 75244363000054<br><\/p>\n<\/div>\n<\/div>\n<\/div>\n\n\n\n<div style=\"height:14px\" aria-hidden=\"true\" class=\"wp-block-spacer\"><\/div>\n\n\n\n<figure class=\"wp-block-gallery has-nested-images columns-default is-cropped wp-block-gallery-1 is-layout-flex wp-block-gallery-is-layout-flex\">\n<figure class=\"wp-block-image size-full\"><img loading=\"lazy\" decoding=\"async\" width=\"720\" height=\"405\" data-id=\"704\" src=\"https:\/\/cabinetmondon.fr\/reflexologie\/wp-content\/uploads\/2025\/02\/Edwige-MONDON-Cabinet-Guerisseuse-Therapeute-Bien-etre-Energeticienne-Energetique-Reflexotherapeute-Reflexologue-Reflexologie.jpg\" alt=\"Edwige-MONDON-Cabinet-77-Seine-et-Marne-Saint-Mammes-Fontainebleau-Moret-sur-Loing-Guerisseuse-Therapeute-Bien-etre-Energeticienne-Energetique-Reflexotherapeute-Reflexologue-Reflexologies combin\u00e9es-Reflexologie plantaire-Reflexologie palmaire-Reflexologie faciale-Dien Chan-Auriculotherapie-Massage bien-etre-\" class=\"wp-image-704\" srcset=\"https:\/\/cabinetmondon.fr\/reflexologie\/wp-content\/uploads\/2025\/02\/Edwige-MONDON-Cabinet-Guerisseuse-Therapeute-Bien-etre-Energeticienne-Energetique-Reflexotherapeute-Reflexologue-Reflexologie.jpg 720w, https:\/\/cabinetmondon.fr\/reflexologie\/wp-content\/uploads\/2025\/02\/Edwige-MONDON-Cabinet-Guerisseuse-Therapeute-Bien-etre-Energeticienne-Energetique-Reflexotherapeute-Reflexologue-Reflexologie-300x169.jpg 300w\" sizes=\"auto, (max-width: 720px) 100vw, 720px\" \/><\/figure>\n<\/figure>\n\n\n\n<h3 class=\"wp-block-heading\">Consultation en pr\u00e9sentiel<\/h3>\n\n\n\n<p>Dur\u00e9e et fr\u00e9quence d&#8217;une s\u00e9ance : 1H30 environ, espac\u00e9es de 3 semaines minimum dans la plupart des cas.<\/p>\n\n\n\n<p>Prix d&#8217;une s\u00e9ance : 100 \u20ac en ch\u00e8que ou esp\u00e8ces<\/p>\n\n\n\n<p>Tenue conseill\u00e9e durant la s\u00e9ance : en sous-v\u00eatements, retrait des bijoux.<\/p>\n\n\n\n<p>Conseil par mesure d&#8217;hygi\u00e8ne et d&#8217;\u00e9cologie : merci d&#8217;apporter 1 serviette.<\/p>\n\n\n\n<p>Toilettes s\u00e8ches sur place en cas d&#8217;urgence (non accessible aux personnes \u00e0 mobilit\u00e9 r\u00e9duite).<\/p>\n\n\n\n<p><\/p>\n\n\n\n<figure class=\"wp-block-gallery has-nested-images columns-default is-cropped wp-block-gallery-2 is-layout-flex wp-block-gallery-is-layout-flex\">\n<figure class=\"wp-block-image size-full\"><img loading=\"lazy\" decoding=\"async\" width=\"405\" height=\"720\" data-id=\"708\" src=\"https:\/\/cabinetmondon.fr\/reflexologie\/wp-content\/uploads\/2025\/02\/Edwige-MONDON-Accueil-Guerisseuse-Therapeute-Bien-etre-Energeticienne-Energetique-Reflexotherapeute-Reflexologue-Reflexologie.jpg\" alt=\"Edwige-MONDON-Accueil-Cabinet-77-Seine-et-Marne-Saint-Mammes-Fontainebleau-Moret-sur-Loing-Guerisseuse-Therapeute-Bien-etre-Energeticienne-Energetique-Reflexotherapeute-Reflexologue-Reflexologies combin\u00e9es-Reflexologie plantaire-Reflexologie palmaire-Reflexologie faciale-Dien Chan-Auriculotherapie-Massage bien-etre-\" class=\"wp-image-708\" srcset=\"https:\/\/cabinetmondon.fr\/reflexologie\/wp-content\/uploads\/2025\/02\/Edwige-MONDON-Accueil-Guerisseuse-Therapeute-Bien-etre-Energeticienne-Energetique-Reflexotherapeute-Reflexologue-Reflexologie.jpg 405w, https:\/\/cabinetmondon.fr\/reflexologie\/wp-content\/uploads\/2025\/02\/Edwige-MONDON-Accueil-Guerisseuse-Therapeute-Bien-etre-Energeticienne-Energetique-Reflexotherapeute-Reflexologue-Reflexologie-169x300.jpg 169w\" sizes=\"auto, (max-width: 405px) 100vw, 405px\" \/><\/figure>\n\n\n\n<figure class=\"wp-block-image size-full\"><img loading=\"lazy\" decoding=\"async\" width=\"405\" height=\"720\" data-id=\"709\" src=\"https:\/\/cabinetmondon.fr\/reflexologie\/wp-content\/uploads\/2025\/02\/Edwige-MONDON-Dehors-Guerisseuse-Therapeute-Bien-etre-Energeticienne-Energetique-Reflexotherapeute-Reflexologue-Reflexologie.jpg\" alt=\"Edwige-MONDON-Dehors-Cabinet-77-Seine-et-Marne-Saint-Mammes-Fontainebleau-Moret-sur-Loing-Guerisseuse-Therapeute-Bien-etre-Energeticienne-Energetique-Reflexotherapeute-Reflexologue-Reflexologies combin\u00e9es-Reflexologie plantaire-Reflexologie palmaire-Reflexologie faciale-Dien Chan-Auriculotherapie-Massage bien-etre-\" class=\"wp-image-709\" srcset=\"https:\/\/cabinetmondon.fr\/reflexologie\/wp-content\/uploads\/2025\/02\/Edwige-MONDON-Dehors-Guerisseuse-Therapeute-Bien-etre-Energeticienne-Energetique-Reflexotherapeute-Reflexologue-Reflexologie.jpg 405w, https:\/\/cabinetmondon.fr\/reflexologie\/wp-content\/uploads\/2025\/02\/Edwige-MONDON-Dehors-Guerisseuse-Therapeute-Bien-etre-Energeticienne-Energetique-Reflexotherapeute-Reflexologue-Reflexologie-169x300.jpg 169w\" sizes=\"auto, (max-width: 405px) 100vw, 405px\" \/><\/figure>\n<\/figure>\n\n\n\n<p><\/p>\n\n\n\n<div class=\"wp-block-buttons is-content-justification-center is-layout-flex wp-container-core-buttons-is-layout-a89b3969 wp-block-buttons-is-layout-flex\">\n<div class=\"wp-block-button has-custom-font-size has-x-small-font-size\"><a class=\"wp-block-button__link has-background wp-element-button\" href=\"https:\/\/calendly.com\/cabinetmondon\" style=\"border-radius:100px;background:linear-gradient(135deg,rgb(154,7,227) 0%,rgb(224,81,213) 79%,rgba(255,255,255,0.18) 100%)\"><strong>PRENDRE RENDEZ-VOUS EN LIGNE<\/strong><\/a><\/div>\n\n\n\n<div class=\"wp-block-button has-custom-font-size has-x-small-font-size\"><a class=\"wp-block-button__link has-background wp-element-button\" style=\"border-radius:100px;background:linear-gradient(135deg,rgb(154,7,227) 0%,rgb(224,81,213) 79%,rgba(255,255,255,0.18) 100%)\"><strong>ME CONTACTER AU 06 70 92 99 38<\/strong><\/a><\/div>\n<\/div>\n\n\n\n<p><\/p>\n","protected":false},"excerpt":{"rendered":"<p>Qui suis-je ? Je m&#8217;appelle Edwige, je suis gu\u00e9risseuse, j&#8217;aide les personnes qui ont des douleurs physiques, entre autres, \u00e0 les soulager pour avancer vers une vie plus l\u00e9g\u00e8re. Je les accompagne vers la gu\u00e9rison gr\u00e2ce \u00e0 diff\u00e9rents outils que je pratique. Par mon v\u00e9cu, je connais la douleur, je connais aussi le sentiment ou &hellip; <\/p>\n<p class=\"link-more\"><a href=\"https:\/\/cabinetmondon.fr\/reflexologie\/a-propos\/\" class=\"more-link\">Lire la suite de<span class=\"screen-reader-text\">\u00ab\u00a0A propos\u00a0\u00bb<\/span><\/a><\/p>\n","protected":false},"author":1,"featured_media":0,"parent":0,"menu_order":0,"comment_status":"closed","ping_status":"closed","template":"","meta":{"footnotes":""},"class_list":["post-39","page","type-page","status-publish","hentry"],"_links":{"self":[{"href":"https:\/\/cabinetmondon.fr\/reflexologie\/wp-json\/wp\/v2\/pages\/39","targetHints":{"allow":["GET"]}}],"collection":[{"href":"https:\/\/cabinetmondon.fr\/reflexologie\/wp-json\/wp\/v2\/pages"}],"about":[{"href":"https:\/\/cabinetmondon.fr\/reflexologie\/wp-json\/wp\/v2\/types\/page"}],"author":[{"embeddable":true,"href":"https:\/\/cabinetmondon.fr\/reflexologie\/wp-json\/wp\/v2\/users\/1"}],"replies":[{"embeddable":true,"href":"https:\/\/cabinetmondon.fr\/reflexologie\/wp-json\/wp\/v2\/comments?post=39"}],"version-history":[{"count":101,"href":"https:\/\/cabinetmondon.fr\/reflexologie\/wp-json\/wp\/v2\/pages\/39\/revisions"}],"predecessor-version":[{"id":771,"href":"https:\/\/cabinetmondon.fr\/reflexologie\/wp-json\/wp\/v2\/pages\/39\/revisions\/771"}],"wp:attachment":[{"href":"https:\/\/cabinetmondon.fr\/reflexologie\/wp-json\/wp\/v2\/media?parent=39"}],"curies":[{"name":"wp","href":"https:\/\/api.w.org\/{rel}","templated":true}]}}

<h3 class="wp-block-heading">Qui suis-je ?</h3>



<div class="wp-block-group is-nowrap is-layout-flex wp-container-core-group-is-layout-6c531013 wp-block-group-is-layout-flex">
<div style="height:100px;width:0px" aria-hidden="true" class="wp-block-spacer wp-container-content-6388d5dc"></div>



<figure class="wp-block-image aligncenter size-large is-resized is-style-rounded"><img loading="lazy" decoding="async" width="1024" height="1024" src="http://cabinetmondon.fr/reflexologie/wp-content/uploads/2023/07/photo-Edwige-edited-1024x1024.jpg" alt="Edwige MONDON, Guérisseuse, Thérapeute Bien-être, Energéticienne, Réflexothérapeute, Réflexologue, Masseuse bien-être" class="wp-image-121" style="width:256px" srcset="https://cabinetmondon.fr/reflexologie/wp-content/uploads/2023/07/photo-Edwige-edited-1024x1024.jpg 1024w, https://cabinetmondon.fr/reflexologie/wp-content/uploads/2023/07/photo-Edwige-edited-300x300.jpg 300w, https://cabinetmondon.fr/reflexologie/wp-content/uploads/2023/07/photo-Edwige-edited-150x150.jpg 150w, https://cabinetmondon.fr/reflexologie/wp-content/uploads/2023/07/photo-Edwige-edited-768x768.jpg 768w, https://cabinetmondon.fr/reflexologie/wp-content/uploads/2023/07/photo-Edwige-edited-1536x1536.jpg 1536w, https://cabinetmondon.fr/reflexologie/wp-content/uploads/2023/07/photo-Edwige-edited-2048x2048.jpg 2048w, https://cabinetmondon.fr/reflexologie/wp-content/uploads/2023/07/photo-Edwige-edited-1568x1568.jpg 1568w" sizes="auto, (max-width: 1024px) 100vw, 1024px" /></figure>



<div style="height:100px;width:0px" aria-hidden="true" class="wp-block-spacer wp-container-content-6388d5dc"></div>
</div>



<p>Je m&#8217;appelle Edwige, je suis guérisseuse, j&#8217;aide les personnes qui ont des douleurs physiques, entre autres, à les soulager pour avancer vers une vie plus légère. Je les accompagne vers la guérison grâce à différents outils que je pratique.</p>



<p>Par mon vécu, je connais la douleur, je connais aussi le sentiment ou les émotions que l&#8217;on peut ressentir face aux regards du corps médical qui ne comprend pas et ne prend pas en considération ce que l&#8217;on vit.</p>



<p>Dès l’âge de 4 ans, je massais les chevilles de ma maman qui se faisait des entorses à répétition. Je prenais du plaisir à m’occuper d’elle et à essayer de lui faire du bien.</p>



<p>Ancienne pédicure-podologue / posturologue, je me suis occupée de mes patients pendant 12 ans en les accompagnant dans leurs douleurs d&#8217;une autre manière, ce qui m&#8217;a aussi permis d&#8217;avoir une certaine connaissance du corps humain.</p>



<p>Le lien avec mes mains, le toucher, la douleur, la santé et le rapport aux autres sont donc déjà présents depuis mon plus jeune âge. Depuis, je me suis formée dans toutes les pratiques que je propose.</p>



<p>Je m&#8217;épanouis lorsque j&#8217;apporte du bien-être à chaque personne que je suis ravie d&#8217;accueillir dans &#8220;ma cabane au fond du jardin&#8221; 😉</p>



<div style="height:14px" aria-hidden="true" class="wp-block-spacer"></div>



<h3 class="wp-block-heading">Mes coordonnées</h3>



<div class="wp-block-group is-layout-flex wp-block-group-is-layout-flex">
<div class="wp-block-group has-global-padding is-layout-constrained wp-block-group-is-layout-constrained">
<div class="wp-block-group is-vertical is-layout-flex wp-container-core-group-is-layout-fe9cc265 wp-block-group-is-layout-flex">
<p><strong>Edwige MONDON</strong></p>



<p><a href="tel:+33670929938">06 70 92 99 38</a><br><a href="mailto:therapies.bienetre.edwige@cabinetmondon.fr">therapies.bienetre.edwige@cabinetmondon.fr</a></p>



<p>29 rue Victor Hugo<br>77670 SAINT-MAMMES</p>



<div class="wp-block-group has-global-padding is-layout-constrained wp-block-group-is-layout-constrained">
<p>Repère du lieu : borne incendie rouge en milieu de rue</p>
</div>



<p>Parking : emplacement possible pour véhicule dans la cour. Sinon places dans la rue avec disque (zone bleue).</p>



<p>SIRET : 75244363000054<br></p>
</div>
</div>
</div>



<div style="height:14px" aria-hidden="true" class="wp-block-spacer"></div>



<figure class="wp-block-gallery has-nested-images columns-default is-cropped wp-block-gallery-1 is-layout-flex wp-block-gallery-is-layout-flex">
<figure class="wp-block-image size-full"><img loading="lazy" decoding="async" width="720" height="405" data-id="704" src="https://cabinetmondon.fr/reflexologie/wp-content/uploads/2025/02/Edwige-MONDON-Cabinet-Guerisseuse-Therapeute-Bien-etre-Energeticienne-Energetique-Reflexotherapeute-Reflexologue-Reflexologie.jpg" alt="Edwige-MONDON-Cabinet-77-Seine-et-Marne-Saint-Mammes-Fontainebleau-Moret-sur-Loing-Guerisseuse-Therapeute-Bien-etre-Energeticienne-Energetique-Reflexotherapeute-Reflexologue-Reflexologies combinées-Reflexologie plantaire-Reflexologie palmaire-Reflexologie faciale-Dien Chan-Auriculotherapie-Massage bien-etre-" class="wp-image-704" srcset="https://cabinetmondon.fr/reflexologie/wp-content/uploads/2025/02/Edwige-MONDON-Cabinet-Guerisseuse-Therapeute-Bien-etre-Energeticienne-Energetique-Reflexotherapeute-Reflexologue-Reflexologie.jpg 720w, https://cabinetmondon.fr/reflexologie/wp-content/uploads/2025/02/Edwige-MONDON-Cabinet-Guerisseuse-Therapeute-Bien-etre-Energeticienne-Energetique-Reflexotherapeute-Reflexologue-Reflexologie-300x169.jpg 300w" sizes="auto, (max-width: 720px) 100vw, 720px" /></figure>
</figure>



<h3 class="wp-block-heading">Consultation en présentiel</h3>



<p>Durée et fréquence d&#8217;une séance : 1H30 environ, espacées de 3 semaines minimum dans la plupart des cas.</p>



<p>Prix d&#8217;une séance : 100 € en chèque ou espèces</p>



<p>Tenue conseillée durant la séance : en sous-vêtements, retrait des bijoux.</p>



<p>Conseil par mesure d&#8217;hygiène et d&#8217;écologie : merci d&#8217;apporter 1 serviette.</p>



<p>Toilettes sèches sur place en cas d&#8217;urgence (non accessible aux personnes à mobilité réduite).</p>



<p></p>



<figure class="wp-block-gallery has-nested-images columns-default is-cropped wp-block-gallery-2 is-layout-flex wp-block-gallery-is-layout-flex">
<figure class="wp-block-image size-full"><img loading="lazy" decoding="async" width="405" height="720" data-id="708" src="https://cabinetmondon.fr/reflexologie/wp-content/uploads/2025/02/Edwige-MONDON-Accueil-Guerisseuse-Therapeute-Bien-etre-Energeticienne-Energetique-Reflexotherapeute-Reflexologue-Reflexologie.jpg" alt="Edwige-MONDON-Accueil-Cabinet-77-Seine-et-Marne-Saint-Mammes-Fontainebleau-Moret-sur-Loing-Guerisseuse-Therapeute-Bien-etre-Energeticienne-Energetique-Reflexotherapeute-Reflexologue-Reflexologies combinées-Reflexologie plantaire-Reflexologie palmaire-Reflexologie faciale-Dien Chan-Auriculotherapie-Massage bien-etre-" class="wp-image-708" srcset="https://cabinetmondon.fr/reflexologie/wp-content/uploads/2025/02/Edwige-MONDON-Accueil-Guerisseuse-Therapeute-Bien-etre-Energeticienne-Energetique-Reflexotherapeute-Reflexologue-Reflexologie.jpg 405w, https://cabinetmondon.fr/reflexologie/wp-content/uploads/2025/02/Edwige-MONDON-Accueil-Guerisseuse-Therapeute-Bien-etre-Energeticienne-Energetique-Reflexotherapeute-Reflexologue-Reflexologie-169x300.jpg 169w" sizes="auto, (max-width: 405px) 100vw, 405px" /></figure>



<figure class="wp-block-image size-full"><img loading="lazy" decoding="async" width="405" height="720" data-id="709" src="https://cabinetmondon.fr/reflexologie/wp-content/uploads/2025/02/Edwige-MONDON-Dehors-Guerisseuse-Therapeute-Bien-etre-Energeticienne-Energetique-Reflexotherapeute-Reflexologue-Reflexologie.jpg" alt="Edwige-MONDON-Dehors-Cabinet-77-Seine-et-Marne-Saint-Mammes-Fontainebleau-Moret-sur-Loing-Guerisseuse-Therapeute-Bien-etre-Energeticienne-Energetique-Reflexotherapeute-Reflexologue-Reflexologies combinées-Reflexologie plantaire-Reflexologie palmaire-Reflexologie faciale-Dien Chan-Auriculotherapie-Massage bien-etre-" class="wp-image-709" srcset="https://cabinetmondon.fr/reflexologie/wp-content/uploads/2025/02/Edwige-MONDON-Dehors-Guerisseuse-Therapeute-Bien-etre-Energeticienne-Energetique-Reflexotherapeute-Reflexologue-Reflexologie.jpg 405w, https://cabinetmondon.fr/reflexologie/wp-content/uploads/2025/02/Edwige-MONDON-Dehors-Guerisseuse-Therapeute-Bien-etre-Energeticienne-Energetique-Reflexotherapeute-Reflexologue-Reflexologie-169x300.jpg 169w" sizes="auto, (max-width: 405px) 100vw, 405px" /></figure>
</figure>



<p></p>



<div class="wp-block-buttons is-content-justification-center is-layout-flex wp-container-core-buttons-is-layout-a89b3969 wp-block-buttons-is-layout-flex">
<div class="wp-block-button has-custom-font-size has-x-small-font-size"><a class="wp-block-button__link has-background wp-element-button" href="https://calendly.com/cabinetmondon" style="border-radius:100px;background:linear-gradient(135deg,rgb(154,7,227) 0%,rgb(224,81,213) 79%,rgba(255,255,255,0.18) 100%)"><strong>PRENDRE RENDEZ-VOUS EN LIGNE</strong></a></div>



<div class="wp-block-button has-custom-font-size has-x-small-font-size"><a class="wp-block-button__link has-background wp-element-button" style="border-radius:100px;background:linear-gradient(135deg,rgb(154,7,227) 0%,rgb(224,81,213) 79%,rgba(255,255,255,0.18) 100%)"><strong>ME CONTACTER AU 06 70 92 99 38</strong></a></div>
</div>



<p></p>

<p>Qui suis-je ? Je m&#8217;appelle Edwige, je suis guérisseuse, j&#8217;aide les personnes qui ont des douleurs physiques, entre autres, à les soulager pour avancer vers une vie plus légère. Je les accompagne vers la guérison grâce à différents outils que je pratique. Par mon vécu, je connais la douleur, je connais aussi le sentiment ou &hellip; </p>
<p class="link-more"><a href="https://cabinetmondon.fr/reflexologie/a-propos/" class="more-link">Lire la suite de<span class="screen-reader-text">« A propos »</span></a></p>
